ommon divisor of 3 and 144.
3
What is the highest common divisor of 163 and 6031?
163
What is the highest common factor of 15376 and 16?
16
Calculate the highest common divisor of 72 and 252.
36
Calculate the greatest common divisor of 54 and 252.
18
Calculate the highest common divisor of 10277 and 478.
239
Calculate the highest common factor of 700 and 112.
28
Calculate the highest common factor of 44 and 2156.
44
What is the greatest common divisor of 18 and 1152?
18
Calculate the greatest common factor of 5 and 55.
5
Calculate the greatest common divisor of 129 and 25843.
43
What is the highest common factor of 2839 and 17?
17
Calculate the greatest common factor of 2799 and 99.
9
What is the greatest common divisor of 746 and 23499?
373
What is the greatest common factor of 217 and 5425?
217
What is the highest common factor of 152 and 1296?
8
Calculate the highest common factor of 4475 and 50.
25
What is the highest common divisor of 341 and 6479?
341
What is the highest common divisor of 90 and 1260?
90
Calculate the highest common divisor of 330 and 162030.
330
What is the greatest common divisor of 77 and 275?
11
Calculate the greatest common factor of 52 and 13.
13
What is the greatest common factor of 45 and 75?
15
Calculate the highest common factor of 4 and 7.
1
What is the greatest common factor of 143 and 187?
11
What is the greatest common divisor of 57 and 6517?
19
Calculate the greatest common factor of 2330 and 10.
10
Calculate the highest common divisor of 57 and 1824.
57
What is the greatest common divisor of 69 and 30567?
69
Calculate the highest common factor of 2430 and 630.
90
Calculate the highest common divisor of 252 and 1557.
9
What is the greatest common divisor of 35 and 1015?
35
What is the highest common factor of 450 and 63?
9
What is the highest common divisor of 9930 and 90?
30
Calculate the greatest common divisor of 636 and 24592.
212
Calculate the greatest common factor of 32 and 232.
8
What is the greatest common factor of 204 and 748?
68
Calculate the highest common factor of 4 and 23252.
4
Calculate the greatest common factor of 5359 and 161.
23
What is the greatest common divisor of 16730 and 42?
14
What is the highest common factor of 135 and 567?
27
What is the greatest common divisor of 351 and 312?
39
What is the highest common factor of 2193 and 645?
129
Calculate the highest common factor of 273 and 21.
21
What is the greatest common divisor of 13 and 46111?
13
Calculate the highest common factor of 135 and 486.
27
What is the highest common factor of 96 and 24?
24
What is the highest common divisor of 352 and 2048?
32
What is the highest common factor of 370 and 90?
10
What is the greatest common divisor of 54 and 12?
6
What is the highest common divisor of 1350 and 63?
9
What is the highest common divisor of 30 and 195?
15
Calculate the greatest common factor of 30 and 15.
15
Calculate the highest common factor of 392 and 8.
8
What is the greatest common factor of 7800 and 525?
75
What is the highest common divisor of 261 and 29?
29
Calculate the greatest common factor of 212 and 92.
4
Calculate the greatest common factor of 275 and 715.
55
Calculate the highest common divisor of 2 and 18.
2
What is the highest common factor of 198 and 180?
18
Calculate the greatest common factor of 18 and 22.
2
Calculate the greatest common divisor of 117 and 3822.
39
What is the greatest common divisor of 72 and 6534?
18
Calculate the highest common factor of 8 and 3064.
8
What is the highest common factor of 203 and 7453?
29
Calculate the highest common factor of 3 and 41.
1
Calculate the highest common factor of 793 and 61.
61
What is the highest common divisor of 84 and 3129?
21
What is the highest common divisor of 47 and 29093?
47
What is the greatest common divisor of 636 and 1696?
212
What is the highest common divisor of 136 and 72?
8
Calculate the highest common divisor of 6 and 22.
2
What is the highest common divisor of 1824 and 576?
96
Calculate the greatest common divisor of 17 and 1717.
17
What is the highest common factor of 2352 and 144?
48
What is the greatest common divisor of 717 and 3?
3
Calculate the greatest common factor of 114 and 12.
6
What is the greatest common divisor of 3095 and 10?
5
What is the highest common divisor of 306 and 270?
18
Calculate the greatest common factor of 140 and 7476.
28
Calculate the greatest common divisor of 140 and 385.
35
What is the highest common factor of 65 and 39?
13
What is the highest common factor of 658 and 3102?
94
What is the highest common factor of 143 and 165?
11
What is the highest common factor of 989 and 43?
43
Calculate the highest common divisor of 12 and 6684.
12
Calculate the greatest common factor of 327 and 45.
3
What is the highest common divisor of 11 and 165?
11
Calculate the greatest common divisor of 69 and 46.
23
Calculate the highest common divisor of 150 and 1560.
30
Calculate the greatest common factor of 176 and 22.
22
Calculate the greatest common factor of 60 and 10320.
60
What is the greatest common factor of 125 and 2225?
25
Calculate the highest common factor of 297 and 3168.
99
What is the greatest common factor of 4935 and 84?
21
What is the greatest common divisor of 56 and 3832?
8
Calculate the greatest common factor of 952 and 112.
56
Calculate the highest common factor of 63225 and 225.
225
What is the greatest common factor of 380 and 152?
76
What is the highest common divisor of 22 and 1177?
11
What is the greatest common divisor of 67450 and 19?
19
What is the highest common factor of 228 and 152?
76
Calculate the highest common factor of 14 and 2.
2
Calculate the greatest common factor of 69100 and 20.
20
Calculate the highest common divisor of 11588 and 8.
4
What is the highest common divisor of 12 and 4071?
3
What is the greatest common factor of 7119 and 3?
3
What is the greatest common divisor of 192 and 6208?
64
Calculate the highest common divisor of 23 and 253.
23
Calculate the greatest common factor of 1097 and 1.
1
What is the highest common divisor of 44 and 1474?
22
Calculate the highest common divisor of 24 and 544.
8
Calculate the greatest common divisor of 579 and 4825.
193
What is the highest common factor of 33970 and 430?
430
Calculate the greatest common divisor of 216 and 3132.
108
Calculate the greatest common factor of 1488 and 108.
12
What is the highest common factor of 7345 and 226?
113
What is the highest common factor of 6 and 582?
6
Calculate the highest common factor of 638 and 858.
22
Calculate the greatest common divisor of 6 and 128.
2
Calculate the highest common divisor of 132 and 308.
44
What is the greatest common divisor of 322 and 154?
14
What is the greatest common divisor of 1072 and 16?
16
What is the highest common factor of 7 and 448?
7
What is the highest common factor of 119 and 7?
7
What is the highest common factor of 26 and 325?
13
What is the highest common factor of 2890 and 10?
10
Calculate the greatest common divisor of 112 and 357.
7
What is the greatest common divisor of 27 and 477?
9
What is the highest common divisor of 608 and 4142?
38
Calculate the highest common factor of 36882 and 216.
54
What is the highest common divisor of 3495 and 30?
15
Calculate the highest common divisor of 178 and 4717.
89
What is the highest common divisor of 5 and 87?
1
Calculate the greatest common divisor of 7620 and 24.
12
What is the greatest common factor of 66 and 96?
6
Calculate the highest common factor of 375 and 30.
15
What is the greatest common factor of 944 and 1184?
16
What is the greatest common divisor of 21 and 63?
21
Calculate the greatest common divisor of 2268 and 84.
84
Calculate the highest common factor of 39 and 26.
13
Calculate the highest common divisor of 1690 and 10.
10
Calculate the greatest common divisor of 348 and 42.
6
What is the highest common divisor of 3317 and 107?
107
Calculate the highest common divisor of 7 and 133.
7
What is the highest common factor of 17380 and 440?
220
Calculate the highest common factor of 21 and 189.
21
What is the highest common factor of 168 and 16?
8
What is the highest common divisor of 798 and 266?
266
Calculate the highest common factor of 49698 and 502.
502
What is the greatest common divisor of 